Is 33 a factor of 39608?
False
Is 405441 a multiple of 19?
True
Is 29 a factor of 6002672?
False
Is 84 a factor of 266784?
True
Does 61 divide 1760765?
True
Is 138 a factor of 812023?
False
Does 199 divide 1207731?
True
Is 60 a factor of 6398050?
False
Is 3669469 a multiple of 200?
False
Does 44 divide 329395?
False
Is 11720114 a multiple of 14?
True
Does 90 divide 167751?
False
Does 25 divide 74175?
True
Is 97 a factor of 94963?
True
Is 1096072 a multiple of 76?
True
Is 2191440 a multiple of 24?
True
Is 728042 a multiple of 323?
True
Is 209 a factor of 18787277?
False
Is 15 a factor of 241997?
False
Is 209815 a multiple of 145?
True
Does 19 divide 466964?
False
Is 1557216 a multiple of 8?
True
Does 28 divide 20090?
False
Is 4949 a multiple of 58?
False
Is 77 a factor of 80850?
True
Is 10383319 a multiple of 8?
False
Is 61916 a multiple of 2692?
True
Does 18 divide 439884?
True
Is 8 a factor of 28071?
False
Is 33 a factor of 584527?
False
Is 276969 a multiple of 604?
False
Is 171517 a multiple of 61?
False
Does 18 divide 12682151?
False
Is 524 a factor of 160855?
False
Is 274217 a multiple of 6?
False
Does 220 divide 838420?
True
Is 21363 a multiple of 338?
False
Is 1642000 a multiple of 572?
False
Is 5883485 a multiple of 163?
True
Does 222 divide 266185?
False
Is 190080 a multiple of 15?
True
Does 542 divide 112736?
True
Is 4566639 a multiple of 14?
False
Is 14 a factor of 4550?
True
Is 3999510 a multiple of 4?
False
Does 23 divide 212497?
True
Does 21 divide 6869562?
True
Is 372000 a multiple of 50?
True
Is 2636760 a multiple of 280?
True
Is 10259378 a multiple of 401?
False
Does 20 divide 27220?
True
Is 146400 a multiple of 183?
True
Is 619 a factor of 353280?
False
Is 28 a factor of 17656996?
True
Is 528450 a multiple of 78?
True
Does 197 divide 4757944?
True
Is 565522 a multiple of 188?
False
Is 522 a factor of 877482?
True
Is 451 a factor of 36727299?
False
Is 5 a factor of 470458?
False
Does 14 divide 100044?
True
Is 1831282 a multiple of 13?
False
Is 469 a factor of 3292849?
True
Is 87057 a multiple of 271?
False
Does 19 divide 3434462?
False
Does 10 divide 10829526?
False
Is 2 a factor of 4761?
False
Is 8 a factor of 346056?
True
Is 1060010 a multiple of 19?
True
Does 83 divide 2447587?
True
Is 193659 a multiple of 28?
False
Is 777 a factor of 4626258?
True
Is 21 a factor of 369049?
False
Is 525 a factor of 125201?
False
Is 1318464 a multiple of 1008?
True
Is 2284382 a multiple of 15?
False
Is 6516 a multiple of 18?
True
Is 108 a factor of 79989?
False
Does 23 divide 1534238?
True
Does 17 divide 27455?
True
Is 156656 even?
True
Is 129 a factor of 354075?
False
Is 4659092 a multiple of 704?
False
Is 12 a factor of 933372?
True
Is 162 a factor of 17010?
True
Does 41 divide 8564345?
False
Is 10073932 a multiple of 3?
False
Does 148 divide 1433084?
True
Is 324702 a multiple of 21?
True
Is 310 a factor of 236052?
False
Is 22946 even?
True
Does 14 divide 685888?
True
Is 408731 a multiple of 199?
False
Is 63 a factor of 6715738?
False
Is 23019 a multiple of 104?
False
Is 6 a factor of 5355?
False
Is 15 a factor of 2588626?
False
Is 19 a factor of 52307?
True
Is 56 a factor of 169792?
True
Does 138 divide 157600?
False
Is 244509 a multiple of 547?
True
Does 12 divide 263076?
True
Does 38 divide 3088661?
False
Is 241483 a multiple of 948?
False
Is 145112 a multiple of 44?
True
Does 14 divide 921236?
False
Is 40 a factor of 230840?
True
Is 34 a factor of 2637142?
True
Is 53664 a multiple of 52?
True
Is 10 a factor of 41857?
False
Is 422474 a multiple of 26?
True
Is 59212 a multiple of 28?
False
Is 12 a factor of 12609096?
True
Does 205 divide 2574552?
False
Is 855206 a multiple of 22?
True
Does 110 divide 12100?
True
Does 938 divide 5528471?
False
Is 262 a factor of 649760?
True
Does 8 divide 1501883?
False
Is 245530 a multiple of 86?
True
Does 461 divide 197308?
True
Does 70 divide 799470?
True
Is 174344 a multiple of 124?
True
Is 122331 a multiple of 11?
True
Does 292 divide 2259114?
False
Is 18 a factor of 446159?
False
Does 125 divide 518049?
False
Is 377 a factor of 2413177?
True
Does 49 divide 57357?
False
Does 2 divide 20642?
True
Does 13 divide 91468?
True
Is 13289888 a multiple of 681?
False
Is 23127660 a multiple of 20?
True
Is 1618301 a multiple of 14?
False
Is 864738 a multiple of 21?
True
Is 523090 a multiple of 170?
True
Is 27 a factor of 33557?
False
Is 99 a factor of 1034787?
False
Is 28 a factor of 435960?
True
Is 1458260 a multiple of 249?
False
Is 16023 a multiple of 3?
True
Is 2665200 a multiple of 600?
True
Does 11 divide 8429?
False
Is 4585685 a multiple of 41?
False
Is 30 a factor of 751470?
True
Is 1209 a factor of 9483396?
True
Does 77 divide 4516589?
True
Does 45 divide 6928695?
True
Is 6 a factor of 397921?
False
Is 3 a factor of 31269?
True
Is 160 a factor of 152000?
True
Is 272 a factor of 34544?
True
Is 355 a factor of 304166?
False
Is 156 a factor of 757696?
False
Is 281 a factor of 2508662?
False
Is 17 a factor of 1100716?
True
Is 2296140 a multiple of 924?
True
Is 2831091 a multiple of 25?
False
Is 46784 a multiple of 81?
False
Is 12196 a multiple of 15?
False
Is 116596 a multiple of 206?
True
Is 89 a factor of 220548?
False
Is 9 a factor of 5656558?
False
Does 11 divide 83853?
True
Does 302 divide 3184188?
False
Is 11 a factor of 563390?
False
Is 97944 a multiple of 7?
True
Is 42189 a multiple of 29?
False
Is 429891 a multiple of 31?
False
Is 1169 a factor of 1561072?
False
Is 5392609 a multiple of 119?
False
Is 132 a factor of 12276?
True
Is 24 a factor of 4629216?
True
Is 105 a factor of 12804120?
True
Is 189068 a multiple of 8?
False
Does 10 divide 666240?
True
Does 92 divide 138000?
True
Is 132 a factor of 62595?
False
Is 73 a factor of 6629717?
False
Is 6 a factor of 100392?
True
Is 894 a factor of 1477420?
False
Does 468 divide 4670640?
True
Does 15 divide 250145?
False
Is 94248 a multiple of 36?
True
Is 54 a factor of 200502?
True
Does 300 divide 1479300?
True
Is 491291 a multiple of 11?
False
Is 4186346 a multiple of 38?
True
Does 118 divide 6561508?
True
Does 127 divide 252976?
False
Is 366012 a multiple of 36?
True
Does 4 divide 45964?
True
Is 150540 a multiple of 2?
True
Does 214 divide 16906?
True
Is 10 a factor of 721886?
False
Is 1413 a factor of 1849617?
True
Is 255 a factor of 393210?
True
Is 53352 a multiple of 27?
True
Is 65850 a multiple of 25?
True
Is 430 a factor of 679400?
True
Is 257376 a multiple of 16?
True
Is 8 a factor of 426008?
True
Does 4 divide 133464?
True
Is 885742 a multiple of 5?
False
Is 22 a factor of 350006?
False
Does 65 divide 504914?
False
Is 2066981 a multiple of 15?
False
Does 201 divide 2500440?
True
Is 457 a factor of 159668?
False
Is 70 a factor of 311461?
False
Does 158 divide 304624?
True
Does 41 divide 412501?
True
Is 349 a factor of 540274?
False
Is 45 a factor of 43127?
False
Is 107413 a multiple of 30?
False
Is 293 a factor of 2338433?
True
Is 178815 a multiple of 131?
True
Is 21747 a multiple of 6?
False
Is 21 a factor of 71620?
False
Is 625930 a multiple of 265?
True
Does 40 divide 441739?
False
Does 485 divide 1482645?
True
Is 167 a factor of 6878229?
True
Is 206 a factor of 55414?
True
Does 450 divide 8740350?
True
Does 4 divide 371558?
False
Is 256308 a multiple of 372?
True
Does 897 divide 2215590?
True
Does 78 divide 3229985?
False
Is 819777 a multiple of 988?
False
Is 69600 a multiple of 25?
True
Is 211 a factor of 316824?
False
Is 15 a factor of 21419670?
True
Is 944959 a multiple of 263?
True
Is 9 a factor of 354429?
True
Is 132089 a multiple of 23?
True
Is 933 a multiple of 7?
False
Is 282 a factor of 5600760?
False
Is 9 a factor of 2800620?
True
Does 246 divide 450672?
True
Does 505 divide 2197255?
True
Is 189 a factor of 86531?
False
Is 3440118 a multiple of 66?
True
Is 11 a factor of 2944664?
False
Is 16 a factor of 25360?
True
Does 48 divide 147936?
True
Is 13 a factor of 541223?
False
Is 10 a factor of 545413?
False
Is 10 a factor of 3387623?
False
Is 1132320 a multiple of 35?
True
Does 405 divide 457245?
True
Is 132056 a multiple of 19?
False
Does 402 divide 15188766?
True
Is 94328 a multiple of 13?
True
Is 28 a factor of 490224?
True
Does 40 divide 31480?
True
Does 173 divide 726324?
False
Is 2901654 a multiple of 18?
True
Is 8 a factor